{"id":14,"date":"2012-04-20T10:57:07","date_gmt":"2012-04-20T10:57:07","guid":{"rendered":"http:\/\/web.ismt.pt\/wp\/oimtnews\/?page_id=14"},"modified":"2012-04-20T10:57:07","modified_gmt":"2012-04-20T10:57:07","slug":"competencias","status":"publish","type":"page","link":"https:\/\/oimt.ismt.pt\/?page_id=14","title":{"rendered":"Compet\u00eancias"},"content":{"rendered":"<ul>\n<li>1.\u00a0Proceder \u00e0 elabora\u00e7\u00e3o de relat\u00f3rios sobre as taxas de inser\u00e7\u00e3o e perspectivas de emprego dos licenciados \/ Mestrados pelo ISMT;<\/li>\n<li>2.\u00a0Efetuar inqu\u00e9ritos junto de antigos estudantes sobre a sua inser\u00e7\u00e3o no mercado de emprego;<\/li>\n<li>3.\u00a0Proceder \u00e0 pesquisa, divulga\u00e7\u00e3o e gest\u00e3o das oportunidades de emprego, bolsas de forma\u00e7\u00e3o para est\u00e1gios (acad\u00e9micos, profissionais ou profissionalizantes), e de outros Programas\/Cursos de forma\u00e7\u00e3o dispon\u00edveis;<\/li>\n<li>4.\u00a0Promover o estreitamento de rela\u00e7\u00f5es com empresas e outras entidades situadas no mundo do trabalho, disponibilizando servi\u00e7os de apoio a empregadores, tais como recrutamento, sele\u00e7\u00e3o e media\u00e7\u00e3o do contacto com candidatos;<\/li>\n<li>5.\u00a0Desenvolver a\u00e7\u00f5es de forma\u00e7\u00e3o do \u00e2mbito das t\u00e9cnicas de Procura de emprego e em \u00e1reas similares;<\/li>\n<li>6.\u00a0Dinamizar sess\u00f5es de orienta\u00e7\u00e3o profissional e de balan\u00e7o pessoal e profissional;<\/li>\n<li>7.\u00a0Preparar, com os candidatos, processos de candidatura e entrevistas de emprego;<\/li>\n<li>8.\u00a0Assegurar a divulga\u00e7\u00e3o e coordena\u00e7\u00e3o processual e documental dos Programas de Est\u00e1gios em Portugal e no Estrangeiro;<\/li>\n<\/ul>\n","protected":false},"excerpt":{"rendered":"<p>1.\u00a0Proceder \u00e0 elabora\u00e7\u00e3o de relat\u00f3rios sobre as taxas de inser\u00e7\u00e3o e perspectivas de emprego dos licenciados \/ Mestrados pelo ISMT; 2.\u00a0Efetuar inqu\u00e9ritos junto de antigos estudantes sobre a sua inser\u00e7\u00e3o no mercado de emprego; 3.\u00a0Proceder \u00e0 pesquisa, divulga\u00e7\u00e3o e gest\u00e3o &hellip; <a href=\"https:\/\/oimt.ismt.pt\/?page_id=14\">Continuar a ler <span class=\"meta-nav\">&rarr;<\/span><\/a><\/p>\n","protected":false},"author":1,"featured_media":0,"parent":0,"menu_order":2,"comment_status":"closed","ping_status":"open","template":"","meta":{"footnotes":""},"_links":{"self":[{"href":"https:\/\/oimt.ismt.pt\/index.php?rest_route=\/wp\/v2\/pages\/14"}],"collection":[{"href":"https:\/\/oimt.ismt.pt\/index.php?rest_route=\/wp\/v2\/pages"}],"about":[{"href":"https:\/\/oimt.ismt.pt\/index.php?rest_route=\/wp\/v2\/types\/page"}],"author":[{"embeddable":true,"href":"https:\/\/oimt.ismt.pt\/index.php?rest_route=\/wp\/v2\/users\/1"}],"replies":[{"embeddable":true,"href":"https:\/\/oimt.ismt.pt\/index.php?rest_route=%2Fwp%2Fv2%2Fcomments&post=14"}],"version-history":[{"count":1,"href":"https:\/\/oimt.ismt.pt\/index.php?rest_route=\/wp\/v2\/pages\/14\/revisions"}],"predecessor-version":[{"id":15,"href":"https:\/\/oimt.ismt.pt\/index.php?rest_route=\/wp\/v2\/pages\/14\/revisions\/15"}],"wp:attachment":[{"href":"https:\/\/oimt.ismt.pt\/index.php?rest_route=%2Fwp%2Fv2%2Fmedia&parent=14"}],"curies":[{"name":"wp","href":"https:\/\/api.w.org\/{rel}","templated":true}]}}